w(26). Suppose -6*v + 105 = -s. Suppose -d + 130 = -v. Is d composite?
True
Let o(z) be the first derivative of z**5/60 - z**4/3 - 7*z**3/6 + 17*z**2/2 - 4. Let s(c) be the second derivative of o(c). Is s(10) a composite number?
False
Suppose 32 = 4*g + 344. Let t = g + 83. Suppose 5 = -t*q, -2*v + 2*q - 1262 = -3482. Is v a composite number?
False
Suppose -3884301 = -42*c + 32*c - 17*c. Is c a composite number?
True
Let h(v) = -12*v**3 + v**2 + 11*v - 11. Suppose -5*j = 3*j + 48. Is h(j) composite?
False
Is ((-236073)/4)/((-69)/(-4) + -18) a prime number?
True
Let p = 36131 - 18840. Is p prime?
True
Let z(u) = 56*u**3 + u**2 + u - 17. Is z(8) a prime number?
False
Is -210417*((-64)/(-6) - (14 + -3)) prime?
True
Is (-354315 - -6)*(6/27)/((-4)/6) a composite number?
True
Suppose 2*d - 384647 = 5*t, -101*d - 384668 = -103*d + 2*t. Is d prime?
True
Suppose -7*x - 2*k + 9747 = -6*x, -39027 = -4*x + 5*k. Is (-16)/48*-1*x prime?
True
Suppose 0 = 2*w + 3*a - 502120, w - 3*a - 868 = 250165. Is w prime?
True
Is 83009948/232 - 2/4 a prime number?
False
Is -3 + (5046084/81 - (-3)/(-9)) prime?
False
Let g(z) = 20*z**2 + 15*z - 2. Let p(s) = -18 + 5*s + 3*s - 21 - 2*s. Let h be p(7). Is g(h) composite?
False
Let w(y) = -2 - 3 - 2 - 2*y**2 + 5 + 20*y**3 + 10*y. Is w(6) composite?
True
Let v(z) = 7011*z**2 + 246*z + 2. Is v(-5) a prime number?
True
Is 26683160/196 + (2/5 - (-7)/245) composite?
False
Let h be (0 + 17)*(-3 - -4)*172. Suppose v = h + 993. Suppose v - 72 = 5*d. Is d a prime number?
True
Let k(p) = 2*p**3 - 6*p**2 + 23*p + 18. Let y(f) = f**3 + f**2. Let h(n) = k(n) - 3*y(n). Let u be (-3)/(-1)*(-182)/42. Is h(u) prime?
False
Let w(f) = f**3 + 7*f**2 - 17*f + 21. Let x be w(-9). Is -7*(-6)/x*13714 composite?
True
Suppose -24885144 - 22342186 = -80*k + 1339150. Is k composite?
False
Suppose 0 = -4*q - 4*c + 32, q - 2*q + 23 = 4*c. Suppose -q*a - 5*f + 6*f = 26, -4*a - 3*f = 52. Is 1639 - 5/a*-4 composite?
False
Suppose -8*u + 174 = -5*u. Suppose -5*y + x = -u, -y = -0*y + 3*x - 18. Suppose -4*f - y = 0, 4*n + f + 61 = 390. Is n a prime number?
True
Let a(p) be the first derivative of p**4/2 - 5*p**3 - 10*p**2 + 25*p - 101. Let y = 9 + 3. Is a(y) a composite number?
True
Let n = 703 - 624. Suppose -n*s + 73*s = -137778. Is s a prime number?
True
Is (-3)/(60/(-11902204)) - (-798)/(-665) prime?
False
Suppose 1007 = 3*z + 4466. Let x = z + 463. Let u = -397 - x. Is u a composite number?
False
Let k(w) = -156*w + 67. Let u(o) = 1. Let t(q) = 78*q - 38. Let m(d) = t(d) + 4*u(d). Let v(x) = -3*k(x) - 5*m(x). Is v(14) composite?
False
Suppose 6*w = 40 + 176. Let h = -33 + w. Suppose h*z + 3*f - 1957 = 989, 0 = 2*z + 5*f - 1973. Is z a prime number?
False
Let u(n) = -43*n**3 - n**2 - 122*n - 1057. Is u(-9) composite?
False
Let y(a) = -23*a**2 + a - 3. Let w be y(-6). Let f be 0/3 + 1 + 0 - w. Is ((-14)/4)/(2/f)*-2 composite?
True
Let m(s) = 2693*s**2 + 4*s - 66. Is m(9) prime?
False
Let q(f) = -17*f - 1. Let w(n) = -17*n. Let b(o) = -2*q(o) + 3*w(o). Let a be b(-9). Suppose -a = -3*p + 1186. Is p a composite number?
True
Let b be 9/(-3)*(2 - -261). Let h = 986 - 1001. Is ((40/h)/4)/(2/b) a prime number?
True
Let f = 2021 + -550. Let x = -1532 + 675. Let u = f + x. Is u prime?
False
Let y be 214/(-6) + 4/6. Let f = -29 - y. Suppose -f*o + 623 = 89. Is o a composite number?
False
Suppose -32*j + 2468707 = -4769917. Is j a composite number?
True
Let r be 1/((-2)/4*4/13898). Let b = r + 13382. Is b prime?
False
Is (15 - (-3152)/(-208)) + 456798/26 composite?
False
Let g(m) be the first derivative of 52*m**2 + 23*m + 10. Let l be g(-6). Let n = l + 932. Is n prime?
True
Let b(u) = -u**2 - 10*u - 7. Let r be b(-4). Suppose 2*h = 8, -x + r = 4*h - 42. Let z = 74 - x. Is z prime?
True
Suppose 3*i + 2*i + 95 = 0. Let t = i - -24. Suppose t*o - 2130 = y, -21 = -5*y + 4. Is o composite?
True
Suppose 0 = 7*j - 11*j + 16612. Let d = 8864 - j. Is d a prime number?
False
Let i be (4 - 80/12)*12/(-2). Suppose -i = -5*j + 3*h, -3*j + 2*h + h + 6 = 0. Suppose -j*t = n - 559 - 14, -4*n - 4*t + 2324 = 0. Is n a prime number?
False
Let n be 3*(-55)/10*8/6. Is (-3 + 105/(-6))*n a prime number?
False
Let f = 77787 + -50393. Is f a composite number?
True
Suppose 2*o + 3*x + 2 = o, -4*o + 24 = -4*x. Let f = -2515 + -75. Is ((-6)/o)/(15/f) prime?
False
Let b(w) = -8*w + 253. Let f be b(31). Suppose 5*i = -2*g + 12985, 0 = -f*g - 12 - 13. Is i composite?
True
Let t(f) = -89*f - 20. Let y(v) = -88*v - 20. Let k(p) = -4*t(p) + 3*y(p). Let d be k(9). Let h = -295 + d. Is h composite?
True
Suppose -56*a + 51*a - 2*y = -7724441, 0 = 3*a - y - 4634680. Is a composite?
False
Suppose 0 = 5*h - 4*u + 12, -u = -11*h + 7*h - 3. Suppose -11*m - 2*m + 43797 = h. Is m prime?
False
Let q(r) = 321*r**2 + 12*r - 275. Is q(-16) a prime number?
False
Is (-78)/(-84) + 27/(-63) - 1426170/(-4) a composite number?
True
Suppose -2285558 = 206*h - 228*h. Is h a composite number?
False
Let x(r) = 200*r**2 + 170*r + 11. Is x(-4) a composite number?
False
Let m(c) = 934*c**2 + 1070*c - 103. Is m(-25) prime?
False
Let b = 21 - -4. Let v be 4/10 + (-535)/b. Is 1486/(-6)*(v/7)/1 composite?
False
Let n be (42 + 8)/((-4)/(-998)). Let o = n - 3218. Is o a composite number?
False
Suppose -7*v - 28*v + 5*v + 2030370 = 0. Is v a prime number?
True
Let i = -418435 + 769392. Is i composite?
True
Let t be (-2)/5*(-4 + -1) + 0. Suppose 3*s + t*s = -m + 7, 2*s + 8 = -4*m. Is (-1)/(3/(-6)) + (s - -3733) a composite number?
True
Suppose 16*w + 45 = 13*w - c, 0 = 5*c. Let l(v) = -626*v - 97. Is l(w) prime?
True
Suppose 404310 = 39*b - 9*b. Is b prime?
True
Let a = 32360 - -35721. Is a a composite number?
True
Suppose 4*i - 28 = -4*y, i + 4*i - 35 = -2*y. Let b(a) = a**3 - 8*a**2 + 7*a - 1. Let h be b(i). Is (212/5)/((-8)/(-40)) + h a prime number?
True
Let c = 9663 + 26536. Is c a prime number?
False
Suppose 24*t = -t + 1033142 + 3422033. Is t a composite number?
False
Let s(w) = w**3 - 6*w**2 - 7*w + 2. Let z = 21 - 14. Let x be s(z). Suppose -47 - 31 = -x*d. Is d composite?
True
Let i(h) = h**3 + 55*h**2 + 43*h + 22. Is i(-35) a composite number?
False
Let w(i) = 38*i**2 - 8*i - 11. Let s(a) be the first derivative of -37*a**3/3 + 9*a**2/2 + 11*a + 6. Let k(p) = 5*s(p) + 6*w(p). Is k(5) a prime number?
True
Let f = 24 + -33. Let v(m) = -44*m - 20. Let c be v(f). Let o = c + -218. Is o a composite number?
True
Suppose 3*a = -3*k + 12, -k - 3*a = -2*k. Suppose -5*h + 6 = k*c - 13, 4*c - 12 = 0. Suppose 778 = -h*q + 4*q - 3*z, -1173 = -3*q + 3*z. Is q prime?
False
Let y be 34184/(-32) + (-2)/(-8). Let g = -395 - y. Let z = 1139 - g. Is z a composite number?
True
Let c(z) = 15*z**2 - 25*z + 9. Suppose -r - 3*a + 15 = 0, 3*r = -a - 0*a + 13. Suppose r*o - 64 = -5*o. Is c(o) prime?
True
Let o = -132 + 147. Suppose -5*n = -4*z + 10914, -20*z + 4*n + 13647 = -o*z. Is z a composite number?
False
Is ((-11)/220*-148 - 7) + 1764609/15 prime?
False
Suppose x + 3*x = 0. Let c be (-460)/((3/(-3))/(-2 + 4)). Suppose -5*y + c + 750 = x. Is y composite?
True
Let q = -146 + 96. Let t = -46 - q. Suppose t*h + 1967 = 8131. Is h composite?
True
Let r(w) = w + 3. Let z be r(-1). Suppose 5*b - 6404 = b + 2*f, -2*b = z*f - 3202. Let q = b + -762. Is q composite?
False
Let y = 8 + -2. Suppose a = 3*a - y. Suppose 2*s - 3058 = -v, -s = -a*v - 1104 - 411. Is s a prime number?
False
Let w = 37 + -9. Is 21/w*(-7)/((-21)/18132) a prime number?
False
Let a be 3/9*-15 - -91820. Suppose -185*n = -190*n + a. Is n a composite number?
True
Is (3476110/(-77))/(10/14 + -1) prime?
False
Suppose 0 = 2*d - y + 1, 2*y = -3*d - 10 - 9. Let b be (-4)/(-12) - (1301/d + 2). Let a = -301 + b. Is a a composite number?
False
Suppose s = -0*s - 333. Suppose 0 = -4*n + 3*t - 2572, 2548 = -n - 3*n - 3*t. Let p = s - n. Is p prime?
True
Suppose 0 = -258*x + 285*x - 52771041. Is x a prime number?
True
Let v = -12657 - -18612. Suppose 10*r - 15505 + v = 0. Is r composite?
True
Let z(c) = -1764*c**2 + 2*c - 9. Let o(f) = -f**2 - 1. Let q(k) = 3*o(k) - z(k). Let b be q(2). Suppose 5*y - 7050 = -5*d, -5*d + 0*d - y = -b. Is d composite?
False
Let q be 2 + -3 + (10 - 7) - -6. Suppose 5*a + 374 = 4*p, 7*a - 70 = q*a - 2*p. Let f = 1657 - a. Is f composite?
True
Let t = 4167 - 214